11121
What is 1 (base 3) in base 16?
1
11 (base 3) to base 15
4
What is a (base 11) in base 8?
12
What is -4 (base 8) in base 11?
-4
192 (base 10) to base 7
363
12 (base 11) to base 2
1101
What is -1011 (base 2) in base 8?
-13
Convert -2 (base 9) to base 13.
-2
What is -11 (base 3) in base 16?
-4
What is -366 (base 9) in base 12?
-213
-6 (base 12) to base 15
-6
What is 2 (base 4) in base 5?
2
31 (base 4) to base 13
10
Convert -5 (base 9) to base 3.
-12
Convert 9 (base 12) to base 10.
9
What is -32 (base 14) in base 2?
-101100
2 (base 11) to base 13
2
9 (base 10) to base 8
11
What is -123 (base 6) in base 15?
-36
What is -3 (base 14) in base 2?
-11
Convert ac (base 15) to base 16.
a2
-1 (base 8) to base 4
-1
What is -100 (base 2) in base 10?
-4
What is 10 (base 9) in base 5?
14
-20 (base 3) to base 13
-6
What is 302 (base 5) in base 3?
2212
What is 3 (base 5) in base 8?
3
1310 (base 4) to base 5
431
Convert -1211 (base 5) to base 10.
-181
What is 4 (base 13) in base 9?
4
Convert 32 (base 10) to base 16.
20
Convert -2 (base 4) to base 6.
-2
What is -6 (base 9) in base 3?
-20
Convert 24 (base 8) to base 10.
20
-41 (base 5) to base 16
-15
-62 (base 11) to base 3
-2112
-3 (base 5) to base 2
-11
What is -244 (base 5) in base 8?
-112
What is 1e (base 15) in base 7?
41
Convert 2 (base 10) to base 7.
2
Convert 1101 (base 2) to base 6.
21
What is -22111 (base 3) in base 9?
-274
What is 215 (base 6) in base 5?
313
What is 0 (base 9) in base 15?
0
What is 3 (base 15) in base 10?
3
What is 13 (base 16) in base 4?
103
Convert -142 (base 14) to base 12.
-192
What is 3 (base 14) in base 16?
3
Convert -3 (base 14) to base 16.
-3
-10 (base 3) to base 8
-3
Convert -8 (base 11) to base 4.
-20
What is -37 (base 16) in base 5?
-210
What is -6 (base 9) in base 5?
-11
-13 (base 9) to base 2
-1100
What is 0 (base 8) in base 16?
0
-19 (base 11) to base 5
-40
10000 (base 2) to base 8
20
18 (base 12) to base 2
10100
What is 22 (base 3) in base 16?
8
-12 (base 3) to base 11
-5
-3201 (base 4) to base 5
-1400
What is -2 (base 13) in base 4?
-2
22 (base 9) to base 7
26
What is 4 (base 16) in base 15?
4
Convert -100 (base 4) to base 9.
-17
Convert -10 (base 2) to base 13.
-2
What is 30 (base 9) in base 2?
11011
Convert b7 (base 12) to base 16.
8b
What is 7 (base 9) in base 11?
7
Convert 21 (base 5) to base 16.
b
Convert -30 (base 8) to base 4.
-120
What is -110 (base 2) in base 13?
-6
Convert -2d (base 15) to base 14.
-31
Convert -518 (base 9) to base 10.
-422
7 (base 12) to base 4
13
Convert 70 (base 16) to base 7.
220
-1122 (base 4) to base 5
-330
44 (base 5) to base 16
18
What is 10 (base 7) in base 8?
7
Convert -1441 (base 6) to base 15.
-1aa
3 (base 11) to base 15
3
Convert 14 (base 7) to base 14.
b
0 (base 13) to base 16
0
What is -43 (base 10) in base 9?
-47
What is 10011 (base 2) in base 8?
23
Convert -38 (base 15) to base 4.
-311
What is -10 (base 3) in base 14?
-3
Convert 4b (base 13) to base 12.
53
Convert 3 (base 15) to base 6.
3
Convert 1 (base 11) to base 12.
1
Convert -15 (base 12) to base 7.
-23
212 (base 8) to base 16
8a
-10 (base 16) to base 13
-13
Convert -4 (base 6) to base 2.
-100
Convert -24 (base 12) to base 9.
-31
What is -31 (base 11) in base 10?
-34
What is -27 (base 13) in base 12?
-29
What is 2 (base 8) in base 6?
2
Convert 2 (base 11) to base 10.
2
Convert 12 (base 4) to base 16.
6
Convert -11 (base 4) to base 10.
-5
10011 (base 2) to base 10
19
-13 (base 10) to base 8
-15
-31 (base 8) to base 12
-21
What is -2 (base 11) in base 7?
-2
20 (base 8) to base 15
11
Convert -11 (base 2) to base 4.
-3
What is 3 (base 6) in base 7?
3
Convert 18 (base 9) to base 2.
10001
What is -3 (base 10) in base 13?
-3
Convert 10000 (base 2) to base 13.
13
-3 (base 7) to base 8
-3
7 (base 9) to base 6
11
Convert -4 (base 5) to base 6.
-4
Convert 11 (base 11) to base 9.
13
-41 (base 9) to base 13
-2b
What is -4 (base 12) in base 8?
-4
What is -1032 (base 5) in base 4?
-2032
What is 41 (base 15) in base 13?
49
What is -13 (base 5) in base 16?
-8
121 (base 6) to base 16
31
-21 (base 3) to base 9
-7
Convert 2 (base 13) to base 10.
2
100 (base 2) to base 4
10
What is 0 (base 11) in base 5?
0
53 (base 8) to base 4
223
-38 (base 10) to base 5
-123
11 (base 5) to base 15
6
1 (base 13) to base 10
1
What is -66 (base 14) in base 9?
-110
1 (base 14) to base 16
1
-2 (base 3) to base 9
-2
Convert 42 (base 16) to base 8.
102
Convert 101 (base 2) to base 12.
5
Convert -133 (base 4) to base 16.
-1f
Convert 18 (base 10) to base 8.
22
-1e (base 15) to base 12
-25
2 (base 9) to base 5
2
What is -a (base 15) in base 7?
-13
2 (base 4) to base 14
2
What is -146 (base 8) in base 15?
-6c
Convert 21 (base 10) to base 15.
16
What is -201 (base 7) in base 11?
-90
-a8 (base 11) to base 16
-76
What is 0 (base 11) in base 8?
0
-10 (base 9) to base 12
-9
What is 0 (base 4) in base 11?
0
Convert 10 (base 4) to base 9.
4
What is 11011 (base 2) in base 5?
102
Convert 31 (base 5) to base 11.
15
What is -3 (base 16) in base 14?
-3
22 (base 11) to base 8
30
What is 0 (base 11) in base 3?
0
40 (base 12) to base 13
39
5 (base 13) to base 7
5
-b (base 12) to base 13
-b
What is 12 (base 8) in base 12?
a
Convert -81 (base 9) to base 13.
-58
64 (base 10) to base 9
71
4 (base 7) to base 4
10
Convert -42 (base 5) to base 15.
-17
What is 13 (base 6) in base 3?
100
18 (base 14) to base 7
31
What is 1101100 (base 2) in base 5?
413
10001000 (base 2) to base 16
88
2 (base 13) to base 2
10
What is -1 (base 11) in base 3?
-1
-33 (base 11) to base 5
-121
11 (base 10) to base 3
102
What is 8 (base 11) in base 5?
13
Convert -2 (base 10) to base 6.
-2
What is -a1 (base 13) in base 8?
-203
Convert -a (base 12) to base 9.
-11
Convert -1 (base 14) to base 15.
-1
What is -4 (base 5) in base 7?
-4
Convert 19 (base 15) to base 5.
44
What is -78 (base 14) in base 8?
-152
101 (base 3) to base 9
11
What is 69 (base 10) in base 5?
234
What is 102 (base 3) in base 16?
b
Convert 18 (base 13) to base 8.
25
-7 (base 14) to base 8
-7
32 (base 6) to base 14
16
-15 (base 16) to base 14
-17
Convert 9 (base 15) to base 3.
100
What is -84 (base 10) in base 5?
-314
Convert -13 (base 5) to base 11.
-8
Convert 6d (base 16) to base 15.
74
What is -3 (base 15) in base 14?
-3
Convert -9a (base 16) to base 14.
-b0
1030 (base 4) to base 7
136
What is 1 (base 10) in base 6?
1
What is -1 (base 5) in base 2?
-1
10001010 (base 2) to base 5
1023
Convert 13 (base 9) to base 16.
c
Convert 1e (base 15) to base 7.
41
-16b (base 14) to base 11
-245
What is 15 (base 9) in base 6?
22
-10 (base 6) to base 12
-6
Convert 365 (base 10) to base 3.
111112
-1 (base 2) to base 10
-1
Convert 14 (base 5) to base 2.
1001
What is -4 (base 10) in base 8?
-4
What is 323 (base 6) in base 12?
a3
What is 13b (base 15) in base 9?
342
47 (base 11) to base 8
63
Convert 22 (base 5) to base 16.
c
What is -10010011 (base 2) in base 16?
-93
What is -203 (base 4) in base 11?
-32
Convert 15 (base 14) to base 5.
34
Convert -10 (base 4) to base 3.
-11
Convert b (base 16) to base 10.
11
What is -9 (base 12) in base 2?
-1001
What is -2 (base 7) in base 2?
-10
-4 (base 13) to base 6
-4
What is -53 (base 16) in base 12?
-6b
1 (base 15) to base 6
1
Convert -132 (base 7) to base 9.
-80
What is -5 (base 13) in base 7?
-5
-303 (base 5) to base 15
-53
3 (base 16) to base 8
3
What is -9 (base 10) in base 11?
-9
Convert -1 (base 12) to base 15.
-1
What is 3 (base 7) in base 13?
3
150 (base 11) to base 16
b0
Convert 7 (base 11) to base 14.
7
What is -332 (base 4) in base 10?
-62
Convert -278 (base 12) to base 4.
-11330
Convert 14c (base 16) to base 10.
332
What is 11 (base 12) in base 5?
23
-4 (base 15) to base 3
-11
Convert -35 (base 12) to base 2.
-101001
Convert -60 (base 9) to base 12.
-46
27 (base 9) to base 13
1c
What is -10000101 (base 2) in base 8?
-205
What is -49 (base 10) in base 5?
-144
What is -1 (base 15) in base 9?
-1
Convert 11 (base 6) to base 11.
7
Convert 111010 (base 2) to base 14.
42
Convert 2 (base 5) to base 14.
2
What is 3 (base 15) in base 2?
11
Convert -1 (base 6) to base 13.
-1
What is 551 (base 6) in base 2?
11010011
What is -169 (base 12) in base 10?
-225
Convert 0 (base 13) to base 16.
0
What is -11 (base 5) in base 6?
-10
-1a1 (base 14) to base 2
-101010001
Convert 3